[INFO] cloning repository https://github.com/iH8c0ff33/ntp-drift-logger
[INFO] running `Command { std: "git" "-c" "credential.helper=" "-c" "credential.helper=/workspace/cargo-home/bin/git-credential-null" "clone" "--bare" "https://github.com/iH8c0ff33/ntp-drift-logger" "/workspace/cache/git-repos/https%3A%2F%2Fgithub.com%2FiH8c0ff33%2Fntp-drift-logger", kill_on_drop: false }`
[INFO] [stderr] Cloning into bare repository '/workspace/cache/git-repos/https%3A%2F%2Fgithub.com%2FiH8c0ff33%2Fntp-drift-logger'...
[INFO] running `Command { std: "git" "rev-parse" "HEAD", kill_on_drop: false }`
[INFO] [stdout] 8fd1a46512630a0b284228c7edff4f9e06265514
[INFO] checking iH8c0ff33/ntp-drift-logger against try#72f88fc4e9458f89516a0b8b0868f3718aec5b47 for pr-74989
[INFO] running `Command { std: "git" "clone" "/workspace/cache/git-repos/https%3A%2F%2Fgithub.com%2FiH8c0ff33%2Fntp-drift-logger" "/workspace/builds/worker-6/source", kill_on_drop: false }`
[INFO] [stderr] Cloning into '/workspace/builds/worker-6/source'...
[INFO] [stderr] done.
[INFO] validating manifest of git repo https://github.com/iH8c0ff33/ntp-drift-logger on toolchain 72f88fc4e9458f89516a0b8b0868f3718aec5b47
[INFO] running `Command { std: "/workspace/cargo-home/bin/cargo" "+72f88fc4e9458f89516a0b8b0868f3718aec5b47" "read-manifest" "--manifest-path" "Cargo.toml", kill_on_drop: false }`
[INFO] started tweaking git repo https://github.com/iH8c0ff33/ntp-drift-logger
[INFO] removed path dependency ntp from git repo https://github.com/iH8c0ff33/ntp-drift-logger
[INFO] finished tweaking git repo https://github.com/iH8c0ff33/ntp-drift-logger
[INFO] tweaked toml for git repo https://github.com/iH8c0ff33/ntp-drift-logger written to /workspace/builds/worker-6/source/Cargo.toml
[INFO] crate git repo https://github.com/iH8c0ff33/ntp-drift-logger already has a lockfile, it will not be regenerated
[INFO] running `Command { std: "/workspace/cargo-home/bin/cargo" "+72f88fc4e9458f89516a0b8b0868f3718aec5b47" "fetch" "--locked" "--manifest-path" "Cargo.toml", kill_on_drop: false }`
[INFO] [stderr] warning: dependency (ntp) specified without providing a local path, Git repository, or version to use. This will be considered an error in future versions
[INFO] [stderr]     Blocking waiting for file lock on package cache
[INFO] [stderr]     Updating crates.io index
[INFO] [stderr] error: the lock file /workspace/builds/worker-6/source/Cargo.lock needs to be updated but --locked was passed to prevent this
[INFO] [stderr] If you want to try to generate the lock file without accessing the network, use the --offline flag.
[INFO] the lockfile is outdated, regenerating it
[INFO] running `Command { std: "/workspace/cargo-home/bin/cargo" "+72f88fc4e9458f89516a0b8b0868f3718aec5b47" "generate-lockfile" "--manifest-path" "Cargo.toml" "-Zno-index-update", kill_on_drop: false }`
[INFO] [stderr]     Blocking waiting for file lock on package cache
[INFO] running `Command { std: "/workspace/cargo-home/bin/cargo" "+72f88fc4e9458f89516a0b8b0868f3718aec5b47" "fetch" "--locked" "--manifest-path" "Cargo.toml", kill_on_drop: false }`
[INFO] [stderr] warning: dependency (ntp) specified without providing a local path, Git repository, or version to use. This will be considered an error in future versions
[INFO] [stderr]  Downloading crates ...
[INFO] [stderr]   Downloaded conv v0.3.3
[INFO] [stderr]   Downloaded custom_derive v0.1.7
[INFO] [stderr]   Downloaded ntp v0.5.0
[INFO] running `Command { std: "docker" "create" "-v" "/var/lib/crater-agent-workspace/builds/worker-6/target:/opt/rustwide/target:rw,Z" "-v" "/var/lib/crater-agent-workspace/builds/worker-6/source:/opt/rustwide/workdir:ro,Z" "-v" "/var/lib/crater-agent-workspace/cargo-home:/opt/rustwide/cargo-home:ro,Z" "-v" "/var/lib/crater-agent-workspace/rustup-home:/opt/rustwide/rustup-home:ro,Z" "-e" "SOURCE_DIR=/opt/rustwide/workdir" "-e" "CARGO_TARGET_DIR=/opt/rustwide/target" "-e" "CARGO_HOME=/opt/rustwide/cargo-home" "-e" "RUSTUP_HOME=/opt/rustwide/rustup-home" "-w" "/opt/rustwide/workdir" "-m" "1610612736" "--user" "0:0" "--network" "none" "rustops/crates-build-env@sha256:d92eaeed33fa75130ca1ee6c8a01d1ffb62bac859dfdfb3450e3e5d1c0146529" "/opt/rustwide/cargo-home/bin/cargo" "+72f88fc4e9458f89516a0b8b0868f3718aec5b47" "metadata" "--no-deps" "--format-version=1", kill_on_drop: false }`
[INFO] [stdout] 20613b0a9f2c16d282f9e4f260bf3834620dee3e2275be06c12693b2db57c9fa
[INFO] [stderr] WARNING: Your kernel does not support swap limit capabilities or the cgroup is not mounted. Memory limited without swap.
[INFO] running `Command { std: "docker" "start" "-a" "20613b0a9f2c16d282f9e4f260bf3834620dee3e2275be06c12693b2db57c9fa", kill_on_drop: false }`
[INFO] running `Command { std: "docker" "inspect" "20613b0a9f2c16d282f9e4f260bf3834620dee3e2275be06c12693b2db57c9fa", kill_on_drop: false }`
[INFO] running `Command { std: "docker" "rm" "-f" "20613b0a9f2c16d282f9e4f260bf3834620dee3e2275be06c12693b2db57c9fa", kill_on_drop: false }`
[INFO] [stdout] 20613b0a9f2c16d282f9e4f260bf3834620dee3e2275be06c12693b2db57c9fa
[INFO] running `Command { std: "docker" "create" "-v" "/var/lib/crater-agent-workspace/builds/worker-6/target:/opt/rustwide/target:rw,Z" "-v" "/var/lib/crater-agent-workspace/builds/worker-6/source:/opt/rustwide/workdir:ro,Z" "-v" "/var/lib/crater-agent-workspace/cargo-home:/opt/rustwide/cargo-home:ro,Z" "-v" "/var/lib/crater-agent-workspace/rustup-home:/opt/rustwide/rustup-home:ro,Z" "-e" "SOURCE_DIR=/opt/rustwide/workdir" "-e" "CARGO_TARGET_DIR=/opt/rustwide/target" "-e" "CARGO_INCREMENTAL=0" "-e" "RUST_BACKTRACE=full" "-e" "RUSTFLAGS=--cap-lints=forbid" "-e" "CARGO_HOME=/opt/rustwide/cargo-home" "-e" "RUSTUP_HOME=/opt/rustwide/rustup-home" "-w" "/opt/rustwide/workdir" "-m" "1610612736" "--user" "0:0" "--network" "none" "rustops/crates-build-env@sha256:d92eaeed33fa75130ca1ee6c8a01d1ffb62bac859dfdfb3450e3e5d1c0146529" "/opt/rustwide/cargo-home/bin/cargo" "+72f88fc4e9458f89516a0b8b0868f3718aec5b47" "check" "--frozen" "--all" "--all-targets" "--message-format=json", kill_on_drop: false }`
[INFO] [stderr] WARNING: Your kernel does not support swap limit capabilities or the cgroup is not mounted. Memory limited without swap.
[INFO] [stdout] 0a72dcdeef5d29818614da6773b5cd9539ea9844f1cce31db4b96624141b195d
[INFO] running `Command { std: "docker" "start" "-a" "0a72dcdeef5d29818614da6773b5cd9539ea9844f1cce31db4b96624141b195d", kill_on_drop: false }`
[INFO] [stderr] warning: dependency (ntp) specified without providing a local path, Git repository, or version to use. This will be considered an error in future versions
[INFO] [stderr]    Compiling autocfg v1.0.1
[INFO] [stderr]     Checking custom_derive v0.1.7
[INFO] [stderr]    Compiling error-chain v0.12.4
[INFO] [stderr]     Checking log v0.4.11
[INFO] [stderr]     Checking conv v0.3.3
[INFO] [stderr]     Checking log v0.3.9
[INFO] [stderr]    Compiling num-traits v0.2.12
[INFO] [stderr]    Compiling num-integer v0.1.43
[INFO] [stderr]     Checking ntp v0.5.0
[INFO] [stderr]     Checking chrono v0.4.15
[INFO] [stderr]     Checking ntp-drift-logger v0.0.1 (/opt/rustwide/workdir)
[INFO] [stdout] error[E0433]: failed to resolve: could not find `protocol` in `ntp`
[INFO] [stdout]  --> src/time.rs:9:35
[INFO] [stdout]   |
[INFO] [stdout] 9 | pub fn local_time(timestamp: ntp::protocol::TimestampFormat) -> chrono::DateTime<chrono::Local> {
[INFO] [stdout]   |                                   ^^^^^^^^ could not find `protocol` in `ntp`
[INFO] [stdout] 
[INFO] [stdout] 
[INFO] [stdout] error[E0433]: failed to resolve: could not find `protocol` in `ntp`
[INFO] [stdout]  --> src/time.rs:9:35
[INFO] [stdout]   |
[INFO] [stdout] 9 | pub fn local_time(timestamp: ntp::protocol::TimestampFormat) -> chrono::DateTime<chrono::Local> {
[INFO] [stdout]   |                                   ^^^^^^^^ could not find `protocol` in `ntp`
[INFO] [stdout] 
[INFO] [stdout] 
[INFO] [stdout] error[E0433]: failed to resolve: could not find `unix_time` in `ntp`
[INFO] [stdout]   --> src/time.rs:10:37
[INFO] [stdout]    |
[INFO] [stdout] 10 |     let unix_time = ntp::unix_time::Instant::from(timestamp);
[INFO] [stdout]    |                                     ^^^^^^^ not found in `ntp::unix_time`
[INFO] [stdout]    |
[INFO] [stdout] help: consider importing this struct
[INFO] [stdout]    |
[INFO] [stdout] 1  | use std::time::Instant;
[INFO] [stdout]    |
[INFO] [stdout] 
[INFO] [stdout] 
[INFO] [stdout] error[E0433]: failed to resolve: could not find `unix_time` in `ntp`
[INFO] [stdout]   --> src/time.rs:10:37
[INFO] [stdout]    |
[INFO] [stdout] 10 |     let unix_time = ntp::unix_time::Instant::from(timestamp);
[INFO] [stdout]    |                                     ^^^^^^^ not found in `ntp::unix_time`
[INFO] [stdout]    |
[INFO] [stdout] help: consider importing this struct
[INFO] [stdout]    |
[INFO] [stdout] 1  | use std::time::Instant;
[INFO] [stdout]    |
[INFO] [stdout] 
[INFO] [stdout] 
[INFO] [stdout] error[E0277]: `?` couldn't convert the error to `std::io::Error`
[INFO] [stdout]   --> src/time.rs:49:45
[INFO] [stdout]    |
[INFO] [stdout] 48 | pub fn get_stats<T: ToSocketAddrs>(address: T) -> io::Result<Stats> {
[INFO] [stdout]    |                                                   ----------------- expected `std::io::Error` because of this
[INFO] [stdout] 49 |     let ntp_response = ntp::request(address)?;
[INFO] [stdout]    |                                             ^ the trait `From<ntp::errors::Error>` is not implemented for `std::io::Error`
[INFO] [stdout]    |
[INFO] [stdout]    = note: the question mark operation (`?`) implicitly performs a conversion on the error value using the `From` trait
[INFO] [stdout]    = help: the following implementations were found:
[INFO] [stdout]              <std::io::Error as From<IntoInnerError<W>>>
[INFO] [stdout]              <std::io::Error as From<NulError>>
[INFO] [stdout]              <std::io::Error as From<std::io::ErrorKind>>
[INFO] [stdout]    = note: required by `from`
[INFO] [stdout] 
[INFO] [stdout] 
[INFO] [stdout] error[E0609]: no field `origin_timestamp` on type `Packet`
[INFO] [stdout]   --> src/time.rs:52:38
[INFO] [stdout]    |
[INFO] [stdout] 52 |     let t1 = local_time(ntp_response.origin_timestamp);
[INFO] [stdout]    |                                      ^^^^^^^^^^^^^^^^ unknown field
[INFO] [stdout]    |
[INFO] [stdout]    = note: available fields are: `li`, `vn`, `mode`, `stratum`, `poll` ... and 8 others
[INFO] [stdout] 
[INFO] [stdout] 
[INFO] [stdout] error[E0609]: no field `receive_timestamp` on type `Packet`
[INFO] [stdout]   --> src/time.rs:53:38
[INFO] [stdout]    |
[INFO] [stdout] 53 |     let t2 = local_time(ntp_response.receive_timestamp);
[INFO] [stdout]    |                                      ^^^^^^^^^^^^^^^^^ unknown field
[INFO] [stdout]    |
[INFO] [stdout]    = note: available fields are: `li`, `vn`, `mode`, `stratum`, `poll` ... and 8 others
[INFO] [stdout] 
[INFO] [stdout] 
[INFO] [stdout] error[E0609]: no field `transmit_timestamp` on type `Packet`
[INFO] [stdout]   --> src/time.rs:54:38
[INFO] [stdout]    |
[INFO] [stdout] 54 |     let t3 = local_time(ntp_response.transmit_timestamp);
[INFO] [stdout]    |                                      ^^^^^^^^^^^^^^^^^^ help: a field with a similar name exists: `transmit_time`
[INFO] [stdout] 
[INFO] [stdout] 
[INFO] [stdout] error[E0277]: `?` couldn't convert the error to `std::io::Error`
[INFO] [stdout]   --> src/time.rs:49:45
[INFO] [stdout]    |
[INFO] [stdout] 48 | pub fn get_stats<T: ToSocketAddrs>(address: T) -> io::Result<Stats> {
[INFO] [stdout]    |                                                   ----------------- expected `std::io::Error` because of this
[INFO] [stdout] 49 |     let ntp_response = ntp::request(address)?;
[INFO] [stdout]    |                                             ^ the trait `From<ntp::errors::Error>` is not implemented for `std::io::Error`
[INFO] [stdout]    |
[INFO] [stdout]    = note: the question mark operation (`?`) implicitly performs a conversion on the error value using the `From` trait
[INFO] [stdout]    = help: the following implementations were found:
[INFO] [stdout]              <std::io::Error as From<IntoInnerError<W>>>
[INFO] [stdout]              <std::io::Error as From<NulError>>
[INFO] [stdout]              <std::io::Error as From<std::io::ErrorKind>>
[INFO] [stdout]    = note: required by `from`
[INFO] [stdout] 
[INFO] [stdout] 
[INFO] [stdout] error: aborting due to 6 previous errors
[INFO] [stdout] 
[INFO] [stdout] 
[INFO] [stdout] Some errors have detailed explanations: E0277, E0433, E0609.
[INFO] [stdout] 
[INFO] [stdout] For more information about an error, try `rustc --explain E0277`.
[INFO] [stdout] 
[INFO] [stdout] error[E0609]: no field `origin_timestamp` on type `Packet`
[INFO] [stdout]   --> src/time.rs:52:38
[INFO] [stdout]    |
[INFO] [stdout] 52 |     let t1 = local_time(ntp_response.origin_timestamp);
[INFO] [stdout]    |                                      ^^^^^^^^^^^^^^^^ unknown field
[INFO] [stdout]    |
[INFO] [stdout]    = note: available fields are: `li`, `vn`, `mode`, `stratum`, `poll` ... and 8 others
[INFO] [stdout] 
[INFO] [stdout] 
[INFO] [stdout] error[E0609]: no field `receive_timestamp` on type `Packet`
[INFO] [stdout]   --> src/time.rs:53:38
[INFO] [stdout]    |
[INFO] [stdout] 53 |     let t2 = local_time(ntp_response.receive_timestamp);
[INFO] [stdout]    |                                      ^^^^^^^^^^^^^^^^^ unknown field
[INFO] [stdout]    |
[INFO] [stdout]    = note: available fields are: `li`, `vn`, `mode`, `stratum`, `poll` ... and 8 others
[INFO] [stdout] 
[INFO] [stdout] 
[INFO] [stdout] error[E0609]: no field `transmit_timestamp` on type `Packet`
[INFO] [stdout]   --> src/time.rs:54:38
[INFO] [stdout]    |
[INFO] [stdout] 54 |     let t3 = local_time(ntp_response.transmit_timestamp);
[INFO] [stdout]    |                                      ^^^^^^^^^^^^^^^^^^ help: a field with a similar name exists: `transmit_time`
[INFO] [stdout] 
[INFO] [stdout] 
[INFO] [stdout] error: aborting due to 6 previous errors
[INFO] [stdout] 
[INFO] [stdout] 
[INFO] [stdout] Some errors have detailed explanations: E0277, E0433, E0609.
[INFO] [stdout] 
[INFO] [stdout] For more information about an error, try `rustc --explain E0277`.
[INFO] [stdout] 
[INFO] [stderr] error: could not compile `ntp-drift-logger`.
[INFO] [stderr] 
[INFO] [stderr] To learn more, run the command again with --verbose.
[INFO] [stderr] warning: build failed, waiting for other jobs to finish...
[INFO] [stderr] error: build failed
[INFO] running `Command { std: "docker" "inspect" "0a72dcdeef5d29818614da6773b5cd9539ea9844f1cce31db4b96624141b195d", kill_on_drop: false }`
[INFO] running `Command { std: "docker" "rm" "-f" "0a72dcdeef5d29818614da6773b5cd9539ea9844f1cce31db4b96624141b195d", kill_on_drop: false }`
[INFO] [stdout] 0a72dcdeef5d29818614da6773b5cd9539ea9844f1cce31db4b96624141b195d
